{"id":15,"date":"2013-09-03T11:39:34","date_gmt":"2013-09-03T09:39:34","guid":{"rendered":"http:\/\/debian\/endepols.com\/?page_id=15"},"modified":"2019-01-29T17:36:26","modified_gmt":"2019-01-29T15:36:26","slug":"home-2","status":"publish","type":"page","link":"https:\/\/www.endepols.com\/","title":{"rendered":"Herzlich Willkommen!"},"content":{"rendered":"<p>&#8230; im Bekleidungshaus Endepols, einem Traditionsunternehmen f\u00fcr Herren- und Damenbekleidung &#8211; inhabergef\u00fchrt in der 4. Generation.<\/p>\n<p>Unsere Firmenphilosophie beruht auf einer fachlich kompetenten und freundlichen Beratung. Wir bieten Ihnen ausgew\u00e4hlte Mode bekannter Marken.<\/p>\n<p>Dabei legen wir viel Wert auf gute Qualit\u00e4t.<\/p>\n<p>Auswahl, Service und ein breites Gr\u00f6\u00dfenangebot zeichnen uns aus.<\/p>\n<p>Wir freuen uns, Sie in unseren Fachgesch\u00e4ften begr\u00fc\u00dfen zu d\u00fcrfen.<\/p>\n","protected":false},"excerpt":{"rendered":"<p>&#8230; im Bekleidungshaus Endepols, einem Traditionsunternehmen f\u00fcr Herren- und Damenbekleidung &#8211; inhabergef\u00fchrt in der 4. Generation. Unsere Firmenphilosophie beruht auf einer fachlich kompetenten und freundlichen Beratung. Wir bieten Ihnen ausgew\u00e4hlte Mode bekannter Marken. Dabei legen wir viel Wert auf gute Qualit\u00e4t. Auswahl, Service und ein breites Gr\u00f6\u00dfenangebot zeichnen uns aus. Wir freuen uns, Sie in&#8230;  <a class=\"excerpt-read-more\" href=\"https:\/\/www.endepols.com\/\" title=\"ReadHerzlich Willkommen!\">Read more &raquo;<\/a><\/p>\n","protected":false},"author":1,"featured_media":0,"parent":0,"menu_order":30,"comment_status":"closed","ping_status":"closed","template":"","meta":{"_themeisle_gutenberg_block_has_review":false},"_links":{"self":[{"href":"https:\/\/www.endepols.com\/index.php?rest_route=\/wp\/v2\/pages\/15"}],"collection":[{"href":"https:\/\/www.endepols.com\/index.php?rest_route=\/wp\/v2\/pages"}],"about":[{"href":"https:\/\/www.endepols.com\/index.php?rest_route=\/wp\/v2\/types\/page"}],"author":[{"embeddable":true,"href":"https:\/\/www.endepols.com\/index.php?rest_route=\/wp\/v2\/users\/1"}],"replies":[{"embeddable":true,"href":"https:\/\/www.endepols.com\/index.php?rest_route=%2Fwp%2Fv2%2Fcomments&post=15"}],"version-history":[{"count":15,"href":"https:\/\/www.endepols.com\/index.php?rest_route=\/wp\/v2\/pages\/15\/revisions"}],"predecessor-version":[{"id":198,"href":"https:\/\/www.endepols.com\/index.php?rest_route=\/wp\/v2\/pages\/15\/revisions\/198"}],"wp:attachment":[{"href":"https:\/\/www.endepols.com\/index.php?rest_route=%2Fwp%2Fv2%2Fmedia&parent=15"}],"curies":[{"name":"wp","href":"https:\/\/api.w.org\/{rel}","templated":true}]}}